mber?
False
Suppose -q + 7 = 10. Is -1*(-31 + 3) - q prime?
True
Let v(s) = 36*s**2 + 17*s + 7. Is v(-6) a prime number?
True
Is 105836/(-8)*((-14 - -5) + 7) a prime number?
True
Let r be (20/5 - 3)*50. Suppose 0 = -2*z + 7 + 1. Suppose -4*s - v = -555, -z*s - 5*v + 601 - r = 0. Is s a composite number?
False
Suppose -4*x = -0*x - 2*w - 118, 0 = 4*x + w - 103. Suppose -3*b - x = 3*o, -b = 3*b + 20. Is o/10 - 5135/(-25) prime?
False
Suppose 2*k + 4*j - 436 = 0, -2*k - 2*j = -229 - 207. Let m = 381 - k. Is m a composite number?
False
Let z be 19 + -20 + (1 - -3). Is -4 + z + 11/(11/408) composite?
True
Let u = -101 + 200. Is 4300/7 + (-5 - u/(-21)) a composite number?
True
Suppose -3*v - 27 = -5*m, -m + 2 = -3*m - 2*v. Suppose -2*b = -m*b - 5. Is 1*5/(b/(-77)) a composite number?
True
Let w(u) = -3*u + 10. Is w(-23) prime?
True
Let m = 175 + -119. Let f = m - 25. Is f composite?
False
Suppose 2*d = 4*p - 0*d - 50886, -5*p = -2*d - 63607. Is p a prime number?
True
Let n be 120831/27 + 1/(18/(-4)). Is n/(-5)*(0 + -1 + 0) composite?
True
Let i be (8*1)/(5/(-20)). Let j = 163 + i. Is j composite?
False
Let t(r) = -15*r + 4. Suppose -2*w + 50 = -0*w. Suppose 6*z = z - w. Is t(z) a prime number?
True
Let k = 40 + -40. Is (6 + k)/(-3) + 503 a prime number?
False
Let u = 35 + -54. Let a(g) = g**3 + 21*g**2 + 28*g + 15. Is a(u) a prime number?
False
Let j(u) = 181*u - 3. Let p be j(-2). Let a = p + 792. Is a composite?
True
Suppose -5*o - 20730 = -6*s + s, 2*s = 4*o + 8298. Is s prime?
False
Suppose 6*j = j + 150. Let u = j + -24. Is 4434/18 + u/9 a prime number?
False
Suppose -5*c - 3*p + 625 = -680, 4*c = 4*p + 1012. Suppose -m = -0*m - g - 139, -2*g = 2*m - c. Is m a prime number?
False
Is ((-108)/(-270))/((-4)/(-4490)) a prime number?
True
Let u(r) = r**2 - 2*r + 69. Is u(16) prime?
True
Let c = -1501 + 1037. Let v(t) = t - 13. Let y be v(11). Is ((-3)/y)/((-12)/c) prime?
False
Let b = -66 - -67. Suppose 11 = 3*d - b, -1034 = -2*p - 3*d. Is p prime?
False
Let b(o) be the third derivative of 0 - 3*o**2 + 1/120*o**6 - 1/2*o**4 - 7/6*o**3 + 3/20*o**5 + 0*o. Is b(-10) composite?
False
Suppose -u + 3*b = -3311, -4*u - 4*b + 3551 + 9629 = 0. Is u prime?
True
Let d(p) = p**3 - 5*p**2 + 2*p + 1. Let i be (9/(-6))/((-4)/8). Suppose 5*o - 43 = -i. Is d(o) composite?
True
Is 168050/40 + 1/(-4) a composite number?
False
Let x(b) = 6*b**3 - 1 + 11*b - 1 - 5*b**3 + 2*b**2 + 8*b**2. Is x(-8) composite?
True
Suppose 3*b = 19391 + 10942. Is b composite?
False
Let s(t) = 47*t**2 + 4*t - 4. Let a = -7 + 10. Let d be s(a). Suppose 2*z + d = 2*f - 309, 0 = -2*f + 4*z + 734. Is f a composite number?
False
Let a(l) = -245*l. Let v(n) = 491*n + 1. Let s(q) = -7*a(q) - 3*v(q). Is s(1) a prime number?
True
Let d = 14 + -12. Suppose l + 4 = d*l. Suppose 0 = l*k + 4*w - 476, 415 = 5*k - 2*w - 180. Is k a prime number?
False
Suppose 3*l = -2*l - 2005. Let v = -60 - l. Is v prime?
False
Is (-166193)/(-10) - 39/130 a composite number?
False
Suppose 1 = -g - 0. Let q(c) = c - 1. Let r(y) = y**2 + 17*y - 4. Let l(s) = g*r(s) - 5*q(s). Is l(-12) a prime number?
False
Let b = 17 - 19. Is (-18)/12 + 5042*b/(-8) prime?
True
Let l(a) = 317*a - 52. Let g(w) = 106*w - 17. Let k(d) = -8*g(d) + 3*l(d). Is k(9) a composite number?
False
Suppose -7*h = -11*h - 12. Is (2529/(-12) - 3/12)*h composite?
True
Let y(i) = 261*i**2 + i - 1. Suppose 2*w = -w + 3*r + 3, 2*w - r = -1. Let l be y(w). Suppose -k + 8 = -l. Is k composite?
False
Let v(g) = -g**3 + 7*g**2 + 3*g + 6. Let h be v(-5). Suppose -4*a = -5*b - 247 + 1, 0 = -5*a - 2*b + h. Is a a prime number?
True
Let u = -4 - -4. Suppose 0 = 2*y - u*y - 638. Let k = y + -196. Is k a prime number?
False
Suppose 0 = -9*o - 2*o + 100991. Is o composite?
False
Let y(z) = -z**3 + 19*z**2 + 2*z + 12. Let l be y(16). Let f = l + -547. Is f a prime number?
False
Let z = 663 - -1130. Is z a prime number?
False
Suppose -204 - 2388 = 4*m. Suppose -1245 = -3*j + 1476. Let a = j + m. Is a a composite number?
True
Is (11 - 0)/33 + (-6436)/(-6) a prime number?
False
Let s(i) = 5*i**2. Let h be s(-1). Suppose 3*q + 2*r = 17407, -3*q + h*r - 29005 = -8*q. Is (-2)/8 + q/36 a composite number?
True
Let r(u) = u + 9 + 19*u + 7*u + 4. Let c be r(6). Let g = -104 + c. Is g composite?
False
Let n be 6 + 1 + 1/(-1). Suppose -n*r = -4*r - 142. Suppose -402 = -d - r. Is d composite?
False
Suppose -3*s + 2085 = r, 0 = 2*s - r - 3*r - 1376. Suppose -g + s = g. Is g prime?
True
Suppose -62 = -6*q + 34. Let g(s) = s**3 - 10*s**2 + 11*s - 6. Is g(q) a composite number?
True
Suppose -69 - 109 = -2*b. Suppose -8*y + b = -7*y. Is y composite?
False
Let y(b) = -b**3 + 7*b**2 - 2*b + 8. Let s be y(7). Let u be 496/13 + s/39. Let h = -27 + u. Is h a prime number?
True
Is 4/10 - (10 - 11890/25) composite?
True
Let v(t) be the first derivative of -3*t**3 + 5*t - 8. Let a be v(-4). Let l = a - -330. Is l a composite number?
False
Suppose h + 2*h = 54. Let j be 2/(-3) - (-12)/h. Suppose -593 = -3*y - 5*n, 553 = 3*y - j*y - 5*n. Is y prime?
True
Let z = -27422 + 39741. Is z prime?
False
Let u be (-2 + 1)*0 + (-6)/(-3). Suppose -493 = -u*b + b. Is b prime?
False
Let b(q) = 234*q**2 + 2*q + 5. Let h be b(6). Suppose -3*m = -h + 1415. Is m a composite number?
True
Let d = 114 - 115. Is d + (28/8 + -4)*-5224 composite?
True
Suppose 8 = -2*f + 3*k - 5*k, 2*f - 12 = 3*k. Let p be 3 + f/1 + 14. Suppose -3*h + 3*c = -355 - p, -15 = -5*c. Is h prime?
True
Suppose 0*m + 275 = 5*m. Let x = m + 7. Suppose k + 9 = x. Is k a prime number?
True
Let z = -21142 - -30626. Is (-4)/22 + z/11 composite?
True
Suppose -4*i = v - 16049, 2*v + 8*i = 12*i + 32122. Is v a composite number?
False
Suppose 0*b = -2*b - 3*x + 1906, -2*x = -b + 953. Suppose 4*a + 5*p - 6606 = 0, 3988 = 3*a - 3*p - b. Is a a composite number?
True
Suppose -3*l - 18 = -6*l - 2*d, 4*l = 4*d + 24. Let s be (-3)/l*0 + 2. Suppose z = s*z - 13. Is z a composite number?
False
Suppose g = -29 + 15. Let y = g - -801. Is y a prime number?
True
Let g = 21685 + -8612. Is g a prime number?
False
Suppose -b + 61118 = 5*u, 0 = 3*u - 4*b - 44754 + 8097. Is u a prime number?
False
Let y(w) = -2*w**2 - 3*w + 12*w**2 - 8*w**2 - 5. Let j be y(-3). Suppose 0 = 2*l - 352 - j. Is l a composite number?
True
Let r(g) = 5*g**2 + 7*g + 15. Suppose 19 - 5 = -2*m. Is r(m) composite?
False
Is 3/(-6)*72/6 - -5525 prime?
True
Suppose i - 4*k - k = -925, 2*k = i + 910. Let u = i + 1541. Is u a composite number?
False
Is (472460/(-130))/((-4)/26) composite?
False
Suppose 3*p - 72008 = -y, -3*p + 216060 = 3*y - 6*p. Is y composite?
True
Let z be (-8)/(-3)*3/(-2). Let h(x) be the first derivative of -4*x**2 + 2*x + 16. Is h(z) a composite number?
True
Let z(r) = -r**3 - 5*r**2 + 5*r - 4. Let n be z(-6). Let u be 302/8 + n/8. Suppose -3*l - 6 = 0, -5*l - 83 = -3*o + u. Is o prime?
True
Is (-2 - 0)/(-3 + (-12642)/(-4218)) composite?
True
Suppose -894*l = -925*l + 23095. Is l composite?
True
Let z(p) = 288*p**2 + 22*p - 11. Is z(9) composite?
True
Let z(w) = w**3 - 21*w**2 - 36*w - 37. Is z(25) composite?
True
Suppose 2*w = 6 - 0. Is ((-177)/8)/(w/(-4))*2 a composite number?
False
Let n(q) = -11*q + 2. Let z(s) = -2*s**3 - 5*s**2 - 3*s + 3. Let k be z(-3). Suppose -2*j = -5*j - k. Is n(j) composite?
False
Let k be 164/8 + 1/2. Suppose -5*i + k = -494. Let f = -6 + i. Is f a prime number?
True
Suppose 3*g - 84390 = -27*g. Is g prime?
False
Suppose n - 4 = -n. Suppose -l - 854 = -n*b + 100, -2*l = -3*b + 1429. Is b prime?
True
Let a = 313 + -154. Suppose 0 = -2*s + 199 + a. Is s a prime number?
True
Let q(s) = s**3 + 55*s**2 + 26 + s - 62*s**2 - 5. Is q(10) a prime number?
True
Let r = 31 + -33. Is (r - -3)/(4/268) a prime number?
True
Suppose -123*a = -145*a + 1214202. Is a a prime number?
False
Suppose 3*t + 3749 = 4*n, -n - 5*t = -232 - 688. Suppose 359 + n = 2*a. Is a prime?
True
Let o be (-18)/72 - (-1 - 935/(-4)). Let m = 339 + o. Is m composite?
True
Let n(x) = -15 + 38 - 10 + 168*x - 10. Let t be n(-3). Let z = 754 + t. Is z prime?
False
Let n = 18271 - 9984. Is n a composite number?
False
Let s(g) = -115*g - 73. Let d(c) = 57*c + 36. Let o(r) = 7*d(r) + 4*s(r). Is o(-11) prime?
True
Let r(q) = 963*q**2 + 90*q - 5. Is r(-6) a composite number?
False
Suppose 0 = 4*h 